. List the prime factors of z.
2, 23, 107
Suppose m + 7*m = -5216. Let p = m + 1104. List the prime factors of p.
2, 113
Suppose 0 = 21*z + 21528 - 159879 - 61443. List the prime factors of z.
2, 67, 71
Suppose -u + 15 - 10 = 0. Suppose 2*k = u*m + 533, 5*m = m - k - 416. List the prime factors of 1/(-4) + m/(-4).
2, 13
Let y = 4552 - -487. What are the prime factors of y?
5039
Let k be 11 - (5 - -3) - 2. List the prime factors of (203 + -44)*(k + 2).
3, 53
Let s(c) = -640*c + 676. What are the prime factors of s(-11)?
2, 3, 643
Let i(o) = 2*o**2 - 18*o - 21. Let y be 64/416 - 22/(-26). Let n be 1/(y/5)*(-39)/(-15). What are the prime factors of i(n)?
83
Suppose u - 3*u - 20 = -4*m, -22 = -4*m + 3*u. Let y = 38 + -38. Suppose -2*p - 3*r + 129 = y, r - m + 1 = 0. List the prime factors of p.
2, 3, 5
Let q(i) = i**3 - 12*i**2 + 4. Let d be q(12). Suppose 5*w = 3*h + 63, -4*h - h - 53 = -d*w. List the prime factors of w/3 + (-3 - -89).
2, 3, 5
Let r(z) = -3*z**3 + 23*z**2 + 12*z - 36. Let t(p) = -5*p**3 + 22*p**2 + 11*p - 36. Let g(o) = 3*r(o) - 2*t(o). List the prime factors of g(-20).
2, 421
Let d = -93930 - -145429. List the prime factors of d.
7, 1051
Let j = -1584 + 1651. What are the prime factors of j?
67
Let q = -18314 - -26774. Suppose 5*u + i - 8526 = 2057, 0 = -4*u - 4*i + q. List the prime factors of u.
29, 73
Let q = -1759 + 1211. Let k = q - -1292. Suppose -3*r - k = -7*r. What are the prime factors of r?
2, 3, 31
Let z(n) be the second derivative of -n**3/3 + 13*n**2/2 - 11*n. Let v be z(6). What are the prime factors of 984/8 + -2*v?
11
Suppose 2*s - 24 = 2*f, 5*s = -2*f + 31 + 64. Suppose -s*n + 30*n = 7215. List the prime factors of n.
3, 5, 37
Let v be 24/(-120)*(-22 + -3). Suppose -v*r - 163 = -n + 107, 3*r + 12 = 0. List the prime factors of n.
2, 5
Let u(w) = 5*w + 438. What are the prime factors of u(36)?
2, 3, 103
What are the prime factors of (-5 - (-4 - 12685)) + 0/11?
2, 3, 7, 151
Let d be (-9 + 15)*(-4)/(-8). Let j be (-908)/(-3) + (-6)/9. Suppose -5*b - 3*y + j = 0, 3*y - 181 = -d*b + y. List the prime factors of b.
61
Suppose -k - 5 = -0*k, -4*p + k = -1241. Suppose -p = j - 1106. What are the prime factors of j?
797
Suppose 2*i + 191*i = -166*i + 778312. List the prime factors of i.
2, 271
Let p(o) = o**2 - 6*o + 17. Suppose 2*t + 52 - 66 = 0. Let q be p(t). List the prime factors of 1461/q + 1/8.
61
Suppose 0 = 2*l - 21 - 17. Suppose 5*t = -2*s + 4095, t = 5*s - l + 811. What are the prime factors of t?
19, 43
Suppose 0 = 4*g - 89 + 69. Suppose -2*z - 24 = g*x, -x = 4 - 2. List the prime factors of (-34 + -1)/(3*z/84).
2, 5, 7
Let u = -4637 - -11984. List the prime factors of u.
3, 31, 79
Let a(h) = 2*h**3 + h**2 + 10*h. Let q be a(-3). Let w = 293 - q. What are the prime factors of w?
2, 23
Let r be (0 - 8)*345/(-138). Suppose 15*v = r*v, 2*z + 3*v = 840. List the prime factors of z.
2, 3, 5, 7
Suppose -3*n - 927 = -23811. What are the prime factors of n?
2, 1907
Suppose -6*y = -2*y - 8. Let i(j) = -35*j + 7. Let c(a) = 36*a - 10. Let z(x) = -4*c(x) - 5*i(x). List the prime factors of z(y).
67
Let x = 5510 - -12635. List the prime factors of x.
5, 19, 191
Let i(d) = -2419*d + 8029. List the prime factors of i(-8).
3, 9127
Suppose -84*b + 82*b - 10 = 0, -4*o = -5*b - 66997. What are the prime factors of o?
3, 5581
Let z = 20258 - 7740. List the prime factors of z.
2, 11, 569
Let w(y) = 65 + y**2 + 11*y + 6*y - 31*y + 12*y. Let q be w(0). Suppose -15 - q = -5*t. List the prime factors of t.
2
Suppose -f - 44 = -5*m + m, -f + 55 = 5*m. Suppose -m*k + 154 = -18*k. Let l = k + 122. List the prime factors of l.
2, 5
Suppose 3*r - 15 = 0, 7*j - 20 = 2*j + 3*r. Let f = 69 + -36. Let p = f - j. List the prime factors of p.
2, 13
Suppose -5*t = -9*t + 2*k - 58, -4*k = 4. Let p be (-354)/t + 8/(-5) + 2. What are the prime factors of 874/8 - (54/p - 2)?
109
Suppose 8*n + 7*n - 446109 = -132189. What are the prime factors of n?
2, 3, 109
Suppose 61 = 15*b - 389. List the prime factors of -1 + (b/(-18))/(3/(-288)).
3, 53
Let j = 380 - 399. Let k(s) = 4*s**2 + 61*s - 15. What are the prime factors of k(j)?
2, 3, 5
Let p(t) be the third derivative of t**6/60 + t**5/12 - t**4/6 - t**3 - 25*t**2. List the prime factors of p(4).
2, 3, 31
Suppose o = -42*v + 38*v + 1830, 0 = -o - v + 1845. List the prime factors of o.
2, 5, 37
Suppose -s + 2 = 6. Let x(u) = 2*u**2 + 13*u + 14. Let i(p) = 3*p**2 + 14*p + 13. Let y(w) = s*x(w) + 3*i(w). List the prime factors of y(-7).
2, 3, 17
Let g(b) = 77*b + 158. Let a(f) = 153*f + 314. Let w(o) = -4*a(o) + 7*g(o). List the prime factors of w(-11).
653
Suppose -45465 - 22773 = -17*b. What are the prime factors of b?
2, 3, 223
Let j = -77 + 748. What are the prime factors of 4224/14 - (j/77 - 9)?
2, 151
Suppose 0 = -2*a - w + 10193, 279*a = 276*a - 5*w + 15300. What are the prime factors of a?
5, 1019
Let v(b) = 51*b + 69. Suppose 4*k - 12 = 0, -3*k + 7*k = q + 33. Let g(w) = 5*w + 7. Let f(x) = q*g(x) + 2*v(x). What are the prime factors of f(-6)?
3
Let r(c) = 8*c**2 - 9*c - 33. List the prime factors of r(-8).
19, 29
Let n be (0 - 0)/((2 - 3) + 0). Suppose -3*r + 368 = 2*f - 8*r, n = -2*r - 4. List the prime factors of f.
179
Suppose 5*q + 5490 = 2*w + 10*q, -3*w = 3*q - 8217. Suppose -w = -4*n + 3*m, n - m = -4*m + 695. What are the prime factors of n?
2, 7
Suppose -v = 2*v + 363. Suppose -338 = 1894*q - 1896*q. Let j = q + v. What are the prime factors of j?
2, 3
Let o = 9090 - 4223. List the prime factors of o.
31, 157
Let w(n) = 209*n**2 - 3*n - 3. Let q be (-1)/((-1)/(-36))*(-8)/24. Suppose -4*l = -8 + q. What are the prime factors of w(l)?
11, 19
Suppose -16*o + 2261 = -14*o + u, -4*o - u = -4525. Suppose -3*i + 1700 = 4*q, -6*i + o = -4*i + 3*q. What are the prime factors of i?
2, 11, 13
Suppose -3*p - 3*r = -81009, -7*p + 12*p = -3*r + 135013. List the prime factors of p.
2, 23, 587
Let l(n) = 13*n**2 + 118*n + 243. List the prime factors of l(-31).
2, 3, 17, 89
What are the prime factors of (-6)/5*(56847/(-9) + 3)?
2, 947
Suppose 150 - 36 = 38*a. Suppose 0 = -a*l + 3140 + 67. List the prime factors of l.
1069
Let j(g) = g**3 - 13*g**2 + 12*g + 14. Let t be j(12). Suppose 1860 = t*x - 11*x. What are the prime factors of x?
2, 5, 31
Let y = 3199 - -12483. What are the prime factors of y?
2, 7841
Suppose 118*p - 105075 = 103*p. What are the prime factors of p?
3, 5, 467
Let f = -757 + 1071. What are the prime factors of f?
2, 157
Let b = 65 - -7183. What are the prime factors of b?
2, 3, 151
Suppose -1 + 25 = -8*b. Let o be ((-3)/2)/(b/402). Suppose -o = 4*q - 621. What are the prime factors of q?
3, 5, 7
Let y(u) = -1226*u - 922. What are the prime factors of y(-7)?
2, 5, 383
Let c(q) = 2*q**2 - 25*q + 32. What are the prime factors of c(29)?
23, 43
Let c = -31 - -32. Let y(a) = 732*a**3 - a**2 + 2. What are the prime factors of y(c)?
733
Suppose -25*u + 22*u + 15 = 0. Suppose u*b + 25 + 25 = 0. What are the prime factors of 20/(4 - b/(-3))?
2, 3, 5
Let w = -42218 - -119537. List the prime factors of w.
3, 11, 71
Let x = -117 - -133. List the prime factors of (30/x)/((-7)/210)*-4.
3, 5
Suppose -1 - 1 = -2*s, 146891 = 3*g - s. List the prime factors of g.
2, 12241
Let g(z) = 18*z + 11. Let c = -35 + 37. Suppose c*p = p + 2*s - 3, -2*p = -3*s + 2. What are the prime factors of g(p)?
101
Suppose x - 2 = -3*o, 7*x - 2*x + 38 = -3*o. List the prime factors of (-1)/2*64*(-9 + x).
2, 19
Suppose 3*w + 3 = -4*o + 1, -5*o = -5*w - 15. What are the prime factors of o - 0 - (-110)/1?
3, 37
Let n(w) = 4*w + 312. Let k be n(-8). Let g be (2/(-1))/(2/(-7)). Suppose 11*m = g*m + k. What are the prime factors of m?
2, 5, 7
Suppose 0 = -4*x - c + 27294, -62*c = -59*c - 6. List the prime factors of x.
6823
Let r(v) be the first derivative of 4*v**3/3 - 5*v**2/2 - 4*v - 58. What are the prime factors of r(6)?
2, 5, 11
Let p be 59575/55 + -6 + 4/(-22). Let v = p + -711. List the prime factors of v.
2, 3, 61
Suppose 1887 = 3*i - 3*t - t, 5*i - 5*t - 3145 = 0. Let w = 379 + i. What are the prime factors of w?
2, 3, 7
Let a(i) = -16*i + 31. Let c(d) = 16*d - 30. Let f(o) = -5*a(o) - 6*c(o). List the prime factors of f(-15).
5, 53
Suppose 0 = -19*l - 9*l - 37408. Let f = l - -2320. List the prime factors of f.